{"id":1076,"date":"2020-03-16T11:57:31","date_gmt":"2020-03-16T10:57:31","guid":{"rendered":"https:\/\/www.taessje.com\/?post_type=product&#038;p=1076"},"modified":"2022-10-05T10:08:20","modified_gmt":"2022-10-05T09:08:20","slug":"vase-entspannt-weiss","status":"publish","type":"product","link":"https:\/\/www.taessje.com\/index.php\/produkt\/vase-entspannt-weiss\/","title":{"rendered":"Vase Entspannt wei\u00df"},"content":{"rendered":"<p>Mit der Vase &#8222;Entspannt&#8220; in wei\u00df kommt ein wahrer Herzensbrecher auf den Tisch, der garantiert f\u00fcr Aufsehen sorgen wird!<\/p>\n<p>H\u00f6he: 23 cm<\/p>\n<p>\u00d6ffnung oben: 8,2 cm<\/p>\n<p>\u00d6ffnung Mund: 1 Blume<\/p>\n<p>Sp\u00fclmaschinenfest und mikrowellengeeignet<\/p>\n<p>Hartporzellan in bruchsicherer Hotelqualit\u00e4t<\/p>\n<p>Geschliffener Fu\u00df<\/p>\n<p>100% Made in Germany<\/p>\n<p>Wird in einer sch\u00f6nen Geschenkbox geliefert.<\/p>\n","protected":false},"excerpt":{"rendered":"<p>Mit der Vase &#8222;Entspannt&#8220; in wei\u00df kommt ein wahrer Herzensbrecher auf den Tisch, der garantiert f\u00fcr Aufsehen sorgen wird! H\u00f6he: 23 cm \u00d6ffnung oben: 8,2 cm \u00d6ffnung Mund: 1 Blume Sp\u00fclmaschinenfest und mikrowellengeeignet Hartporzellan in bruchsicherer Hotelqualit\u00e4t Geschliffener Fu\u00df 100% Made in Germany Wird in einer sch\u00f6nen Geschenkbox geliefert.<\/p>\n","protected":false},"featured_media":1077,"comment_status":"closed","ping_status":"closed","template":"","meta":{"jetpack_post_was_ever_published":false,"jetpack_publicize_message":"","jetpack_publicize_feature_enabled":true,"jetpack_social_post_already_shared":true,"jetpack_social_options":{"image_generator_settings":{"template":"highway","default_image_id":0,"enabled":false},"version":2}},"product_brand":[],"product_cat":[74],"product_tag":[],"class_list":{"0":"post-1076","1":"product","2":"type-product","3":"status-publish","4":"has-post-thumbnail","6":"product_cat-gesichter-porzellan","8":"first","9":"instock","10":"taxable","11":"shipping-taxable","12":"purchasable","13":"product-type-simple"},"jetpack_publicize_connections":[],"jetpack_sharing_enabled":true,"jetpack-related-posts":[],"_links":{"self":[{"href":"https:\/\/www.taessje.com\/index.php\/wp-json\/wp\/v2\/product\/1076","targetHints":{"allow":["GET"]}}],"collection":[{"href":"https:\/\/www.taessje.com\/index.php\/wp-json\/wp\/v2\/product"}],"about":[{"href":"https:\/\/www.taessje.com\/index.php\/wp-json\/wp\/v2\/types\/product"}],"replies":[{"embeddable":true,"href":"https:\/\/www.taessje.com\/index.php\/wp-json\/wp\/v2\/comments?post=1076"}],"wp:featuredmedia":[{"embeddable":true,"href":"https:\/\/www.taessje.com\/index.php\/wp-json\/wp\/v2\/media\/1077"}],"wp:attachment":[{"href":"https:\/\/www.taessje.com\/index.php\/wp-json\/wp\/v2\/media?parent=1076"}],"wp:term":[{"taxonomy":"product_brand","embeddable":true,"href":"https:\/\/www.taessje.com\/index.php\/wp-json\/wp\/v2\/product_brand?post=1076"},{"taxonomy":"product_cat","embeddable":true,"href":"https:\/\/www.taessje.com\/index.php\/wp-json\/wp\/v2\/product_cat?post=1076"},{"taxonomy":"product_tag","embeddable":true,"href":"https:\/\/www.taessje.com\/index.php\/wp-json\/wp\/v2\/product_tag?post=1076"}],"curies":[{"name":"wp","href":"https:\/\/api.w.org\/{rel}","templated":true}]}}