{"id":123,"date":"2019-12-01T11:52:02","date_gmt":"2019-12-01T10:52:02","guid":{"rendered":"https:\/\/www.taessje.com\/?post_type=product&#038;p=123"},"modified":"2023-06-16T03:31:52","modified_gmt":"2023-06-16T02:31:52","slug":"minas-kafa","status":"publish","type":"product","link":"https:\/\/www.taessje.com\/index.php\/produkt\/minas-kafa\/","title":{"rendered":"Minas Kafa"},"content":{"rendered":"<div class=\"std\">\n<p>Attribute: \u00a0 \u00a0 \u00a0 \u00a0 \u00a0100% Single Origin Arabica aus dem Delta des Rio Minas, helle R\u00f6stung f\u00fcr Traditionelle Zubereitung als t\u00fcrkischen Mocca<\/p>\n<p>Anbauh\u00f6he: \u00a0 \u00a0 600 &#8211; 1000m<\/p>\n<p>Aufbereitung: \u00a0 pulped-natural, sonnengetrocknet<\/p>\n<p>Aroma: \u00a0 \u00a0 \u00a0 \u00a0 \u00a0 \u00a0 herb, erdig, w\u00fcrzig, Noten von Tabak und Leder\/span&gt;<\/p>\n<p>K\u00f6rper: \u00a0 \u00a0 \u00a0 \u00a0 \u00a0 \u00a0 kr\u00e4ftig, vollmundig, samtig<\/p>\n<p>S\u00e4ure: \u00a0 \u00a0 \u00a0 \u00a0 \u00a0 \u00a0 \u00a0geringe S\u00e4ure<\/p>\n<\/div>\n","protected":false},"excerpt":{"rendered":"<p>Attribute: \u00a0 \u00a0 \u00a0 \u00a0 \u00a0100% Single Origin Arabica aus dem Delta des Rio Minas, helle R\u00f6stung f\u00fcr Traditionelle Zubereitung als t\u00fcrkischen Mocca Anbauh\u00f6he: \u00a0 \u00a0 600 &#8211; 1000m Aufbereitung: \u00a0 pulped-natural, sonnengetrocknet Aroma: \u00a0 \u00a0 \u00a0 \u00a0 \u00a0 \u00a0 herb, erdig, w\u00fcrzig, Noten von Tabak und Leder\/span&gt; K\u00f6rper: \u00a0 \u00a0 \u00a0 \u00a0 \u00a0 \u00a0 &hellip; <\/p>\n<p class=\"link-more\"><a href=\"https:\/\/www.taessje.com\/index.php\/produkt\/minas-kafa\/\" class=\"more-link\"><span class=\"screen-reader-text\">\u201eMinas Kafa\u201c<\/span> weiterlesen<\/a><\/p>\n","protected":false},"featured_media":2997,"comment_status":"closed","ping_status":"closed","template":"","meta":{"jetpack_post_was_ever_published":false,"jetpack_publicize_message":"","jetpack_publicize_feature_enabled":true,"jetpack_social_post_already_shared":true,"jetpack_social_options":{"image_generator_settings":{"template":"highway","default_image_id":0,"enabled":false},"version":2}},"product_brand":[],"product_cat":[39],"product_tag":[],"class_list":{"0":"post-123","1":"product","2":"type-product","3":"status-publish","4":"has-post-thumbnail","6":"product_cat-kaffee","8":"first","9":"instock","10":"taxable","11":"shipping-taxable","12":"purchasable","13":"product-type-variable"},"jetpack_publicize_connections":[],"jetpack_sharing_enabled":true,"jetpack-related-posts":[],"_links":{"self":[{"href":"https:\/\/www.taessje.com\/index.php\/wp-json\/wp\/v2\/product\/123","targetHints":{"allow":["GET"]}}],"collection":[{"href":"https:\/\/www.taessje.com\/index.php\/wp-json\/wp\/v2\/product"}],"about":[{"href":"https:\/\/www.taessje.com\/index.php\/wp-json\/wp\/v2\/types\/product"}],"replies":[{"embeddable":true,"href":"https:\/\/www.taessje.com\/index.php\/wp-json\/wp\/v2\/comments?post=123"}],"wp:featuredmedia":[{"embeddable":true,"href":"https:\/\/www.taessje.com\/index.php\/wp-json\/wp\/v2\/media\/2997"}],"wp:attachment":[{"href":"https:\/\/www.taessje.com\/index.php\/wp-json\/wp\/v2\/media?parent=123"}],"wp:term":[{"taxonomy":"product_brand","embeddable":true,"href":"https:\/\/www.taessje.com\/index.php\/wp-json\/wp\/v2\/product_brand?post=123"},{"taxonomy":"product_cat","embeddable":true,"href":"https:\/\/www.taessje.com\/index.php\/wp-json\/wp\/v2\/product_cat?post=123"},{"taxonomy":"product_tag","embeddable":true,"href":"https:\/\/www.taessje.com\/index.php\/wp-json\/wp\/v2\/product_tag?post=123"}],"curies":[{"name":"wp","href":"https:\/\/api.w.org\/{rel}","templated":true}]}}