{"id":147,"date":"2019-12-01T12:00:02","date_gmt":"2019-12-01T11:00:02","guid":{"rendered":"https:\/\/www.taessje.com\/?post_type=product&#038;p=147"},"modified":"2023-06-15T12:14:47","modified_gmt":"2023-06-15T11:14:47","slug":"dolce-espresso-koffeinfrei","status":"publish","type":"product","link":"https:\/\/www.taessje.com\/index.php\/produkt\/dolce-espresso-koffeinfrei\/","title":{"rendered":"Dolce Espresso koffeinfrei"},"content":{"rendered":"<div class=\"std\">\n<p>Attribute: \u00a0 \u00a0 \u00a0 \u00a0 \u00a0Komposition von erlesenen Kaffees aus Minas Gerais &amp; Hochland-Canephora der Farm Elk Hill in Kerala<\/p>\n<p>Anbauh\u00f6he: \u00a0 \u00a0 800 &#8211; 1100m<\/p>\n<p>Aufbereitung: \u00a0 gewaschen, sonnengetrocknet, mit reiner Kohlens\u00e4ure (CO2) schonend entkoffeiniert<\/p>\n<p>Aroma: \u00a0 \u00a0 \u00a0 \u00a0 \u00a0 \u00a0 schokoladig, s\u00fcss, leichte Fruchtnote, w\u00fcrzig<\/p>\n<p>K\u00f6rper: \u00a0 \u00a0 \u00a0 \u00a0 \u00a0 \u00a0 kr\u00e4ftig, rund, vollmundig<\/p>\n<p>S\u00e4ure: \u00a0 \u00a0 \u00a0 \u00a0 \u00a0 \u00a0 \u00a0fein &amp; weich<\/p>\n<\/div>\n","protected":false},"excerpt":{"rendered":"<p>Attribute: \u00a0 \u00a0 \u00a0 \u00a0 \u00a0Komposition von erlesenen Kaffees aus Minas Gerais &amp; Hochland-Canephora der Farm Elk Hill in Kerala Anbauh\u00f6he: \u00a0 \u00a0 800 &#8211; 1100m Aufbereitung: \u00a0 gewaschen, sonnengetrocknet, mit reiner Kohlens\u00e4ure (CO2) schonend entkoffeiniert Aroma: \u00a0 \u00a0 \u00a0 \u00a0 \u00a0 \u00a0 schokoladig, s\u00fcss, leichte Fruchtnote, w\u00fcrzig K\u00f6rper: \u00a0 \u00a0 \u00a0 \u00a0 \u00a0 \u00a0 &hellip; <\/p>\n<p class=\"link-more\"><a href=\"https:\/\/www.taessje.com\/index.php\/produkt\/dolce-espresso-koffeinfrei\/\" class=\"more-link\"><span class=\"screen-reader-text\">\u201eDolce Espresso koffeinfrei\u201c<\/span> weiterlesen<\/a><\/p>\n","protected":false},"featured_media":85,"comment_status":"closed","ping_status":"closed","template":"","meta":{"jetpack_post_was_ever_published":false,"jetpack_publicize_message":"","jetpack_publicize_feature_enabled":true,"jetpack_social_post_already_shared":true,"jetpack_social_options":{"image_generator_settings":{"template":"highway","default_image_id":0,"enabled":false},"version":2}},"product_brand":[],"product_cat":[36],"product_tag":[],"class_list":{"0":"post-147","1":"product","2":"type-product","3":"status-publish","4":"has-post-thumbnail","6":"product_cat-espresso","8":"first","9":"instock","10":"taxable","11":"shipping-taxable","12":"purchasable","13":"product-type-variable"},"jetpack_publicize_connections":[],"jetpack_sharing_enabled":true,"jetpack-related-posts":[],"_links":{"self":[{"href":"https:\/\/www.taessje.com\/index.php\/wp-json\/wp\/v2\/product\/147","targetHints":{"allow":["GET"]}}],"collection":[{"href":"https:\/\/www.taessje.com\/index.php\/wp-json\/wp\/v2\/product"}],"about":[{"href":"https:\/\/www.taessje.com\/index.php\/wp-json\/wp\/v2\/types\/product"}],"replies":[{"embeddable":true,"href":"https:\/\/www.taessje.com\/index.php\/wp-json\/wp\/v2\/comments?post=147"}],"wp:featuredmedia":[{"embeddable":true,"href":"https:\/\/www.taessje.com\/index.php\/wp-json\/wp\/v2\/media\/85"}],"wp:attachment":[{"href":"https:\/\/www.taessje.com\/index.php\/wp-json\/wp\/v2\/media?parent=147"}],"wp:term":[{"taxonomy":"product_brand","embeddable":true,"href":"https:\/\/www.taessje.com\/index.php\/wp-json\/wp\/v2\/product_brand?post=147"},{"taxonomy":"product_cat","embeddable":true,"href":"https:\/\/www.taessje.com\/index.php\/wp-json\/wp\/v2\/product_cat?post=147"},{"taxonomy":"product_tag","embeddable":true,"href":"https:\/\/www.taessje.com\/index.php\/wp-json\/wp\/v2\/product_tag?post=147"}],"curies":[{"name":"wp","href":"https:\/\/api.w.org\/{rel}","templated":true}]}}