{"id":2629,"date":"2020-09-01T12:35:24","date_gmt":"2020-09-01T11:35:24","guid":{"rendered":"https:\/\/www.taessje.com\/?post_type=product&#038;p=2629"},"modified":"2025-05-12T08:57:08","modified_gmt":"2025-05-12T07:57:08","slug":"lucky-punch","status":"publish","type":"product","link":"https:\/\/www.taessje.com\/index.php\/produkt\/lucky-punch\/","title":{"rendered":"Lucky Punch"},"content":{"rendered":"<p><b>Bohne:<\/b> Komposition aus zentralamerikanischem Hochlandarabica und indischem Hochland-Canephora<br \/>\n<b>Anbauh\u00f6he:<\/b> 900 -1300m<br \/>\n<b>Aufbereitung:<\/b> sowohl gewaschen als auch pulped naturalt<br \/>\n<b>Aroma:<\/b> Zartbitterschokolade, feine R\u00f6staromen, nussig, w\u00fcrzig<br \/>\n<b>K\u00f6rper:<\/b> vollmundig, weich im Abgang<br \/>\n<b>S\u00e4ure:<\/b> geringe S\u00e4ure<\/p>\n<div><\/div>\n<div>Unser Lucky Punch House Espresso ist eine w\u00fcrzige Komposition aus zentralamerikanischem Hochland-Arabica und indischen Hochland-Canephora. Die Kaffeebohnen stammen von Kleinbauern-Kooperativen, wo sie auf Kaffeefarmen in 900-1.300 Metern H\u00f6he wachsen. Dort reifen die Kaffeekirschen bei besten klimatischen Bedingungen um nach der Ernte gewaschen und sonnengetrocknet zu werden. Der Lucky Punch Espresso kommt mit feinen R\u00f6staromen sowie einem starken Geschmack nach Zartbitterschokolade mit nussigen Nuancen daher. Er ist ein sehr vollmundiger Espresso, der sehr weich im Abgang ist und nur einen geringen S\u00e4uregehalt aufweist. Dieser geringe S\u00e4uregehalt entsteht auch durch unsere traditionelle, schonende Langzeitr\u00f6stung, bei der Lucky Punch sehr dunkel ger\u00f6stet wird. Hierbei k\u00f6nnen sich seine schokoladigen Aromen besonders stark entfalten. Unser House Espresso kann sowohl als Espresso, als auch Caff\u00e9 Cr\u00e8me zubereitet werden.<\/div>\n","protected":false},"excerpt":{"rendered":"<p>Bohne: Komposition aus zentralamerikanischem Hochlandarabica und indischem Hochland-Canephora Anbauh\u00f6he: 900 -1300m Aufbereitung: sowohl gewaschen als auch pulped naturalt Aroma: Zartbitterschokolade, feine R\u00f6staromen, nussig, w\u00fcrzig K\u00f6rper: vollmundig, weich im Abgang S\u00e4ure: geringe S\u00e4ure Unser Lucky Punch House Espresso ist eine w\u00fcrzige Komposition aus zentralamerikanischem Hochland-Arabica und indischen Hochland-Canephora. Die Kaffeebohnen stammen von Kleinbauern-Kooperativen, wo sie auf &hellip; <\/p>\n<p class=\"link-more\"><a href=\"https:\/\/www.taessje.com\/index.php\/produkt\/lucky-punch\/\" class=\"more-link\"><span class=\"screen-reader-text\">\u201eLucky Punch\u201c<\/span> weiterlesen<\/a><\/p>\n","protected":false},"featured_media":4421,"comment_status":"closed","ping_status":"closed","template":"","meta":{"jetpack_post_was_ever_published":false,"jetpack_publicize_message":"","jetpack_publicize_feature_enabled":true,"jetpack_social_post_already_shared":true,"jetpack_social_options":{"image_generator_settings":{"template":"highway","default_image_id":0,"enabled":false},"version":2}},"product_brand":[],"product_cat":[36],"product_tag":[],"class_list":{"0":"post-2629","1":"product","2":"type-product","3":"status-publish","4":"has-post-thumbnail","6":"product_cat-espresso","8":"first","9":"instock","10":"taxable","11":"shipping-taxable","12":"purchasable","13":"product-type-variable"},"jetpack_publicize_connections":[],"jetpack_sharing_enabled":true,"jetpack-related-posts":[],"_links":{"self":[{"href":"https:\/\/www.taessje.com\/index.php\/wp-json\/wp\/v2\/product\/2629","targetHints":{"allow":["GET"]}}],"collection":[{"href":"https:\/\/www.taessje.com\/index.php\/wp-json\/wp\/v2\/product"}],"about":[{"href":"https:\/\/www.taessje.com\/index.php\/wp-json\/wp\/v2\/types\/product"}],"replies":[{"embeddable":true,"href":"https:\/\/www.taessje.com\/index.php\/wp-json\/wp\/v2\/comments?post=2629"}],"wp:featuredmedia":[{"embeddable":true,"href":"https:\/\/www.taessje.com\/index.php\/wp-json\/wp\/v2\/media\/4421"}],"wp:attachment":[{"href":"https:\/\/www.taessje.com\/index.php\/wp-json\/wp\/v2\/media?parent=2629"}],"wp:term":[{"taxonomy":"product_brand","embeddable":true,"href":"https:\/\/www.taessje.com\/index.php\/wp-json\/wp\/v2\/product_brand?post=2629"},{"taxonomy":"product_cat","embeddable":true,"href":"https:\/\/www.taessje.com\/index.php\/wp-json\/wp\/v2\/product_cat?post=2629"},{"taxonomy":"product_tag","embeddable":true,"href":"https:\/\/www.taessje.com\/index.php\/wp-json\/wp\/v2\/product_tag?post=2629"}],"curies":[{"name":"wp","href":"https:\/\/api.w.org\/{rel}","templated":true}]}}