{"id":4462,"date":"2023-06-18T13:26:03","date_gmt":"2023-06-18T12:26:03","guid":{"rendered":"https:\/\/www.taessje.com\/?post_type=product&#038;p=4462"},"modified":"2025-12-09T18:00:40","modified_gmt":"2025-12-09T17:00:40","slug":"tartufo-dolce-agli-agrumi","status":"publish","type":"product","link":"https:\/\/www.taessje.com\/index.php\/produkt\/tartufo-dolce-agli-agrumi\/","title":{"rendered":"Tartufo dolce agli Agrumi"},"content":{"rendered":"<h2>Tartufo dolce agli Agrumi &#8211; mit spritzigen Zitrusfr\u00fcchten<\/h2>\n<ul>\n<li>wei\u00dfe Schokolade mit Zitronen und Limetten<\/li>\n<li>mit feinsten Haseln\u00fcssen aus dem Piemont IGP<\/li>\n<li>weich im Schmelz<\/li>\n<li>min. 23 % Kakaoanteil in der weissen Schokolade<\/li>\n<li>schmeckt wie die feinen Zitronenwaffeln von Manner<\/li>\n<li><strong>glutenfrei<\/strong><\/li>\n<\/ul>\n<h3>Wei\u00dfer Schokoladentr\u00fcffel mit den Aromen von Zitrusfr\u00fcchten<\/h3>\n<p>Beim Tartufino dolce agli Agrumi haben die Konditoren der Antica Torroneria den frischen Geschmack von Zitrone und Limette mit dem Aroma von feinster wei\u00dfer Schokolade kombiniert. Eine ungew\u00f6hnliche Kombination, daie aber dank der langen und komplexen Verarbeitung geschmacklich besonders ausgewogen ist.<\/p>\n<p>Schon der erste Biss erinnert an den Geschmack von mit einer Zitruscreme gef\u00fcllten zarten Waffel. Gek\u00fchlt besonders in den warmen Monaten eine erfrischende Leckerei.<\/p>\n<h3>La Tonda Gentile delle Langhe-Haseln\u00fcsse<\/h3>\n<p>Bei der Antica Torroneria werden ausschlie\u00dflich hochwertige piemonteser Haseln\u00fcsse der leicht s\u00fcsslichen Sorte &#8222;La Tonda Gentile delle Langhe&#8220; verwendet. Das macht geschmacklich deutlich bemerkbar: Die m\u00fcrbe Konsistenz der Tartufi verwandelt sich im Mund zu einem zarten Schmelz. Die knusprigen Haseln\u00fcsse erzeugen dabei den herrlichen &#8222;Crunch&#8220; dieser typischen Schokoladentr\u00fcffel-Spezialit\u00e4t<\/p>\n","protected":false},"excerpt":{"rendered":"<p>Tartufo dolce agli Agrumi &#8211; mit spritzigen Zitrusfr\u00fcchten wei\u00dfe Schokolade mit Zitronen und Limetten mit feinsten Haseln\u00fcssen aus dem Piemont IGP weich im Schmelz min. 23 % Kakaoanteil in der weissen Schokolade schmeckt wie die feinen Zitronenwaffeln von Manner glutenfrei Wei\u00dfer Schokoladentr\u00fcffel mit den Aromen von Zitrusfr\u00fcchten Beim Tartufino dolce agli Agrumi haben die Konditoren &hellip; <\/p>\n<p class=\"link-more\"><a href=\"https:\/\/www.taessje.com\/index.php\/produkt\/tartufo-dolce-agli-agrumi\/\" class=\"more-link\"><span class=\"screen-reader-text\">\u201eTartufo dolce agli Agrumi\u201c<\/span> weiterlesen<\/a><\/p>\n","protected":false},"featured_media":4463,"comment_status":"closed","ping_status":"closed","template":"","meta":{"jetpack_post_was_ever_published":false,"jetpack_publicize_message":"","jetpack_publicize_feature_enabled":true,"jetpack_social_post_already_shared":true,"jetpack_social_options":{"image_generator_settings":{"template":"highway","default_image_id":0,"enabled":false},"version":2}},"product_brand":[],"product_cat":[104,167],"product_tag":[],"class_list":{"0":"post-4462","1":"product","2":"type-product","3":"status-publish","4":"has-post-thumbnail","6":"product_cat-leckereien","7":"product_cat-schokoladentrueffel-tartufino","9":"first","10":"instock","11":"purchasable","12":"product-type-simple"},"jetpack_publicize_connections":[],"jetpack_sharing_enabled":true,"jetpack-related-posts":[],"_links":{"self":[{"href":"https:\/\/www.taessje.com\/index.php\/wp-json\/wp\/v2\/product\/4462","targetHints":{"allow":["GET"]}}],"collection":[{"href":"https:\/\/www.taessje.com\/index.php\/wp-json\/wp\/v2\/product"}],"about":[{"href":"https:\/\/www.taessje.com\/index.php\/wp-json\/wp\/v2\/types\/product"}],"replies":[{"embeddable":true,"href":"https:\/\/www.taessje.com\/index.php\/wp-json\/wp\/v2\/comments?post=4462"}],"wp:featuredmedia":[{"embeddable":true,"href":"https:\/\/www.taessje.com\/index.php\/wp-json\/wp\/v2\/media\/4463"}],"wp:attachment":[{"href":"https:\/\/www.taessje.com\/index.php\/wp-json\/wp\/v2\/media?parent=4462"}],"wp:term":[{"taxonomy":"product_brand","embeddable":true,"href":"https:\/\/www.taessje.com\/index.php\/wp-json\/wp\/v2\/product_brand?post=4462"},{"taxonomy":"product_cat","embeddable":true,"href":"https:\/\/www.taessje.com\/index.php\/wp-json\/wp\/v2\/product_cat?post=4462"},{"taxonomy":"product_tag","embeddable":true,"href":"https:\/\/www.taessje.com\/index.php\/wp-json\/wp\/v2\/product_tag?post=4462"}],"curies":[{"name":"wp","href":"https:\/\/api.w.org\/{rel}","templated":true}]}}