{"id":825,"date":"2020-02-02T11:37:18","date_gmt":"2020-02-02T10:37:18","guid":{"rendered":"https:\/\/www.taessje.com\/?post_type=product&#038;p=825"},"modified":"2020-12-22T14:20:25","modified_gmt":"2020-12-22T13:20:25","slug":"hatschi","status":"publish","type":"product","link":"https:\/\/www.taessje.com\/index.php\/produkt\/hatschi\/","title":{"rendered":"Hatschi\u00ae"},"content":{"rendered":"<div id=\"productAmountOfTea\">\n<ul class=\"productInformationBTA\">\n<li class=\"productInformation\">\n<div id=\"productAmountOfTea\">\n<ul class=\"productInformationBTA\">\n<li class=\"productInformation\">\n<div id=\"productAmountOfTea\">\n<ul class=\"productInformationBTA\">\n<li>Ziehzeit\u00a0 5 min<\/li>\n<li>Aufgusstemperatur 100 \u00b0 C<\/li>\n<li>Teemenge 1-2 TL\n<div class=\"content\">\n<div class=\"inner\">\n<div class=\"shopCategories\">\n<div class=\"tx-shop\">\n<div><\/div>\n<div class=\"showView\">\n<div>Holunderbl\u00fcten, Silberlindenbl\u00fcten, Thymian, Hagebuttenschalen, Brombeerbl\u00e4tter, Quendelkraut, Anis, Fenchel, S\u00fc\u00dfholzwurzel, Ringelblumenbl\u00fcten<\/div>\n<div class=\"tabBoxSurr\">\n<div><\/div>\n<div class=\"t3 innerTabs\">Der Genuss von altbekannten Kr\u00e4utern ist nicht nur bei schlechtem Wetter eine wahre Wohltat.<\/div>\n<\/div>\n<\/div>\n<\/div>\n<\/div>\n<\/div>\n<\/div>\n<div class=\"empfsurrall\">\n<div class=\"tx-empfehlungen\">\n<div class=\"inner\">\n<h4><\/h4>\n<\/div>\n<\/div>\n<\/div>\n<p>&nbsp;<\/li>\n<\/ul>\n<\/div>\n<\/li>\n<\/ul>\n<\/div>\n<\/li>\n<\/ul>\n<\/div>\n","protected":false},"excerpt":{"rendered":"<div class=\"productIcons\">\n<div class=\"productIcons\">\n<div class=\"productIcons\">\n<p><strong>Kr\u00e4utertee<\/strong><\/p>\n<\/div>\n<div class=\"productIcons\">\n<p>&nbsp;<\/p>\n<p>&nbsp;<\/p>\n<\/div>\n<p><strong>\u00a0<\/strong><\/p>\n<h4 class=\"packagingUnit\"><\/h4>\n<div class=\"productIcons\">\n<div class=\"productIcons\">\n<p>&nbsp;<\/p>\n<\/div>\n<\/div>\n<p><strong>\u00a0<\/strong><\/p>\n<p>&nbsp;<\/p>\n<p>&nbsp;<\/p>\n<\/div>\n<p>&nbsp;<\/p>\n<p>&nbsp;<\/p>\n<p>&nbsp;<\/p>\n<\/div>\n<p>&nbsp;<\/p>\n<p>&nbsp;<\/p>\n","protected":false},"featured_media":873,"comment_status":"closed","ping_status":"closed","template":"","meta":{"jetpack_post_was_ever_published":false,"jetpack_publicize_message":"","jetpack_publicize_feature_enabled":true,"jetpack_social_post_already_shared":true,"jetpack_social_options":{"image_generator_settings":{"template":"highway","default_image_id":0,"enabled":false},"version":2}},"product_brand":[],"product_cat":[143,146,144,31,66,70],"product_tag":[],"class_list":{"0":"post-825","1":"product","2":"type-product","3":"status-publish","4":"has-post-thumbnail","6":"product_cat-herbsttee","7":"product_cat-winterweihnachtliches","8":"product_cat-winterweihnachtstee","9":"product_cat-tee","10":"product_cat-kraeutertee-tee","11":"product_cat-kraeutertee-rein","13":"first","14":"instock","15":"taxable","16":"shipping-taxable","17":"purchasable","18":"product-type-variable"},"jetpack_publicize_connections":[],"jetpack_sharing_enabled":true,"jetpack-related-posts":[],"_links":{"self":[{"href":"https:\/\/www.taessje.com\/index.php\/wp-json\/wp\/v2\/product\/825","targetHints":{"allow":["GET"]}}],"collection":[{"href":"https:\/\/www.taessje.com\/index.php\/wp-json\/wp\/v2\/product"}],"about":[{"href":"https:\/\/www.taessje.com\/index.php\/wp-json\/wp\/v2\/types\/product"}],"replies":[{"embeddable":true,"href":"https:\/\/www.taessje.com\/index.php\/wp-json\/wp\/v2\/comments?post=825"}],"wp:featuredmedia":[{"embeddable":true,"href":"https:\/\/www.taessje.com\/index.php\/wp-json\/wp\/v2\/media\/873"}],"wp:attachment":[{"href":"https:\/\/www.taessje.com\/index.php\/wp-json\/wp\/v2\/media?parent=825"}],"wp:term":[{"taxonomy":"product_brand","embeddable":true,"href":"https:\/\/www.taessje.com\/index.php\/wp-json\/wp\/v2\/product_brand?post=825"},{"taxonomy":"product_cat","embeddable":true,"href":"https:\/\/www.taessje.com\/index.php\/wp-json\/wp\/v2\/product_cat?post=825"},{"taxonomy":"product_tag","embeddable":true,"href":"https:\/\/www.taessje.com\/index.php\/wp-json\/wp\/v2\/product_tag?post=825"}],"curies":[{"name":"wp","href":"https:\/\/api.w.org\/{rel}","templated":true}]}}