{"id":911,"date":"2020-02-02T13:33:42","date_gmt":"2020-02-02T12:33:42","guid":{"rendered":"https:\/\/www.taessje.com\/?post_type=product&#038;p=911"},"modified":"2020-03-26T14:05:28","modified_gmt":"2020-03-26T13:05:28","slug":"vielkraeuterhaustee","status":"publish","type":"product","link":"https:\/\/www.taessje.com\/index.php\/produkt\/vielkraeuterhaustee\/","title":{"rendered":"Vielkr\u00e4uterhaustee"},"content":{"rendered":"<div id=\"productAmountOfTea\">\n<ul class=\"productInformationBTA\">\n<li class=\"productInformation\">\n<div id=\"productAmountOfTea\">\n<ul class=\"productInformationBTA\">\n<li class=\"productInformation\">\n<div id=\"productAmountOfTea\">\n<ul class=\"productInformationBTA\">\n<li>Ziehzeit\u00a0 5 min<\/li>\n<li>Aufgusstemperatur 100 \u00b0 C<\/li>\n<li>Teemenge 1-2 TL<\/li>\n<\/ul>\n<p>Himbeerbl\u00e4tter, Fenchel, S\u00fc\u00dfholzwurzel, Anis, Bohnenschalen, Hagebuttenschalen, Pfefferminzbl\u00e4tter, Johanniskraut, Brombeerbl\u00e4tter, Schafgarbenkraut, Brennnesselbl\u00e4tter, Kamillenbl\u00fcten, Holunderbeeren, Quendelkraut, Schachtelhalmkraut, L\u00f6wenzahnkraut, Ringelblumenbl\u00fcten, Rosmarinbl\u00e4tter, Thymian<\/p>\n<p>Eine wohlschmeckende Mischung vieler erlesener Kr\u00e4uter, lecker und erfrischend f\u00fcr die ganze Familie.<\/p>\n<\/div>\n<\/li>\n<\/ul>\n<\/div>\n<\/li>\n<\/ul>\n<\/div>\n","protected":false},"excerpt":{"rendered":"<div class=\"productIcons\">\n<div class=\"productIcons\">\n<div class=\"productIcons\">\n<p><strong>Kr\u00e4utertee<br \/>\n<\/strong><\/p>\n<\/div>\n<div class=\"productIcons\">\n<p>&nbsp;<\/p>\n<p>&nbsp;<\/p>\n<\/div>\n<p><strong>\u00a0<\/strong><\/p>\n<h4 class=\"packagingUnit\"><\/h4>\n<div class=\"productIcons\">\n<div class=\"productIcons\">\n<p>&nbsp;<\/p>\n<\/div>\n<\/div>\n<p><strong>\u00a0<\/strong><\/p>\n<p>&nbsp;<\/p>\n<p>&nbsp;<\/p>\n<\/div>\n<p>&nbsp;<\/p>\n<p>&nbsp;<\/p>\n<p>&nbsp;<\/p>\n<\/div>\n<p>&nbsp;<\/p>\n<p>&nbsp;<\/p>\n","protected":false},"featured_media":915,"comment_status":"closed","ping_status":"closed","template":"","meta":{"jetpack_post_was_ever_published":false,"jetpack_publicize_message":"","jetpack_publicize_feature_enabled":true,"jetpack_social_post_already_shared":true,"jetpack_social_options":{"image_generator_settings":{"template":"highway","default_image_id":0,"enabled":false},"version":2}},"product_brand":[],"product_cat":[31,66,70],"product_tag":[],"class_list":{"0":"post-911","1":"product","2":"type-product","3":"status-publish","4":"has-post-thumbnail","6":"product_cat-tee","7":"product_cat-kraeutertee-tee","8":"product_cat-kraeutertee-rein","10":"first","11":"instock","12":"taxable","13":"shipping-taxable","14":"purchasable","15":"product-type-variable"},"jetpack_publicize_connections":[],"jetpack_sharing_enabled":true,"jetpack-related-posts":[],"_links":{"self":[{"href":"https:\/\/www.taessje.com\/index.php\/wp-json\/wp\/v2\/product\/911","targetHints":{"allow":["GET"]}}],"collection":[{"href":"https:\/\/www.taessje.com\/index.php\/wp-json\/wp\/v2\/product"}],"about":[{"href":"https:\/\/www.taessje.com\/index.php\/wp-json\/wp\/v2\/types\/product"}],"replies":[{"embeddable":true,"href":"https:\/\/www.taessje.com\/index.php\/wp-json\/wp\/v2\/comments?post=911"}],"wp:featuredmedia":[{"embeddable":true,"href":"https:\/\/www.taessje.com\/index.php\/wp-json\/wp\/v2\/media\/915"}],"wp:attachment":[{"href":"https:\/\/www.taessje.com\/index.php\/wp-json\/wp\/v2\/media?parent=911"}],"wp:term":[{"taxonomy":"product_brand","embeddable":true,"href":"https:\/\/www.taessje.com\/index.php\/wp-json\/wp\/v2\/product_brand?post=911"},{"taxonomy":"product_cat","embeddable":true,"href":"https:\/\/www.taessje.com\/index.php\/wp-json\/wp\/v2\/product_cat?post=911"},{"taxonomy":"product_tag","embeddable":true,"href":"https:\/\/www.taessje.com\/index.php\/wp-json\/wp\/v2\/product_tag?post=911"}],"curies":[{"name":"wp","href":"https:\/\/api.w.org\/{rel}","templated":true}]}}