{"id":97,"date":"2019-12-01T11:41:07","date_gmt":"2019-12-01T10:41:07","guid":{"rendered":"https:\/\/www.taessje.com\/?post_type=product&#038;p=97"},"modified":"2023-06-16T03:40:26","modified_gmt":"2023-06-16T02:40:26","slug":"savoir-vivre","status":"publish","type":"product","link":"https:\/\/www.taessje.com\/index.php\/produkt\/savoir-vivre\/","title":{"rendered":"Mexico Organico BIO"},"content":{"rendered":"<div class=\"std\">\n<p>Attribute: \u00a0 \u00a0 \u00a0 \u00a0 \u00a0100% Single Estate Arabica von der Farm El Chorro, Direct Trade, Bio-zertifiziert<\/p>\n<p>Anbauh\u00f6he: \u00a0 \u00a0 850 &#8211; 1000m<\/p>\n<p>Aufbereitung: \u00a0 handgepfl\u00fcckt, gewaschen, sonnengetrocknet<\/p>\n<p>Aroma: \u00a0 \u00a0 \u00a0 \u00a0 \u00a0 \u00a0 dunkle Schokolade, ger\u00f6stete Erdn\u00fcsse, fruchtige Noten von Kaffeekirschen<\/p>\n<p>K\u00f6rper: \u00a0 \u00a0 \u00a0 \u00a0 \u00a0 \u00a0 mittelkr\u00e4ftig, rund, ausgewogen, cremig<\/p>\n<p>S\u00e4ure: \u00a0 \u00a0 \u00a0 \u00a0 \u00a0 \u00a0 \u00a0dezente S\u00e4ure, dezente s\u00fc\u00dfliche Frucht, s\u00e4urearm<\/p>\n<p>\u00d6ko-Kontrollstelle: DE-\u00d6KO-005<\/p>\n<\/div>\n","protected":false},"excerpt":{"rendered":"<p>Attribute: \u00a0 \u00a0 \u00a0 \u00a0 \u00a0100% Single Estate Arabica von der Farm El Chorro, Direct Trade, Bio-zertifiziert Anbauh\u00f6he: \u00a0 \u00a0 850 &#8211; 1000m Aufbereitung: \u00a0 handgepfl\u00fcckt, gewaschen, sonnengetrocknet Aroma: \u00a0 \u00a0 \u00a0 \u00a0 \u00a0 \u00a0 dunkle Schokolade, ger\u00f6stete Erdn\u00fcsse, fruchtige Noten von Kaffeekirschen K\u00f6rper: \u00a0 \u00a0 \u00a0 \u00a0 \u00a0 \u00a0 mittelkr\u00e4ftig, rund, ausgewogen, cremig S\u00e4ure: &hellip; <\/p>\n<p class=\"link-more\"><a href=\"https:\/\/www.taessje.com\/index.php\/produkt\/savoir-vivre\/\" class=\"more-link\"><span class=\"screen-reader-text\">\u201eMexico Organico BIO\u201c<\/span> weiterlesen<\/a><\/p>\n","protected":false},"featured_media":2997,"comment_status":"closed","ping_status":"closed","template":"","meta":{"jetpack_post_was_ever_published":false,"jetpack_publicize_message":"","jetpack_publicize_feature_enabled":true,"jetpack_social_post_already_shared":true,"jetpack_social_options":{"image_generator_settings":{"template":"highway","default_image_id":0,"enabled":false},"version":2}},"product_brand":[],"product_cat":[49,39],"product_tag":[],"class_list":{"0":"post-97","1":"product","2":"type-product","3":"status-publish","4":"has-post-thumbnail","6":"product_cat-bio","7":"product_cat-kaffee","9":"first","10":"instock","11":"taxable","12":"shipping-taxable","13":"purchasable","14":"product-type-variable"},"jetpack_publicize_connections":[],"jetpack_sharing_enabled":true,"jetpack-related-posts":[],"_links":{"self":[{"href":"https:\/\/www.taessje.com\/index.php\/wp-json\/wp\/v2\/product\/97","targetHints":{"allow":["GET"]}}],"collection":[{"href":"https:\/\/www.taessje.com\/index.php\/wp-json\/wp\/v2\/product"}],"about":[{"href":"https:\/\/www.taessje.com\/index.php\/wp-json\/wp\/v2\/types\/product"}],"replies":[{"embeddable":true,"href":"https:\/\/www.taessje.com\/index.php\/wp-json\/wp\/v2\/comments?post=97"}],"wp:featuredmedia":[{"embeddable":true,"href":"https:\/\/www.taessje.com\/index.php\/wp-json\/wp\/v2\/media\/2997"}],"wp:attachment":[{"href":"https:\/\/www.taessje.com\/index.php\/wp-json\/wp\/v2\/media?parent=97"}],"wp:term":[{"taxonomy":"product_brand","embeddable":true,"href":"https:\/\/www.taessje.com\/index.php\/wp-json\/wp\/v2\/product_brand?post=97"},{"taxonomy":"product_cat","embeddable":true,"href":"https:\/\/www.taessje.com\/index.php\/wp-json\/wp\/v2\/product_cat?post=97"},{"taxonomy":"product_tag","embeddable":true,"href":"https:\/\/www.taessje.com\/index.php\/wp-json\/wp\/v2\/product_tag?post=97"}],"curies":[{"name":"wp","href":"https:\/\/api.w.org\/{rel}","templated":true}]}}